e prime factors of 1115?
5, 223
What are the prime factors of 1235?
5, 13, 19
What are the prime factors of 1707?
3, 569
What are the prime factors of 2900?
2, 5, 29
List the prime factors of 37652.
2, 9413
What are the prime factors of 23877?
3, 7, 379
List the prime factors of 97060.
2, 5, 23, 211
What are the prime factors of 3518?
2, 1759
List the prime factors of 9059.
9059
List the prime factors of 4932.
2, 3, 137
List the prime factors of 35.
5, 7
List the prime factors of 5149.
19, 271
List the prime factors of 2458.
2, 1229
What are the prime factors of 4491?
3, 499
What are the prime factors of 8569?
11, 19, 41
What are the prime factors of 21449?
89, 241
What are the prime factors of 1551?
3, 11, 47
What are the prime factors of 18188?
2, 4547
List the prime factors of 129199.
7, 18457
List the prime factors of 94924.
2, 19, 1249
List the prime factors of 13672.
2, 1709
What are the prime factors of 7684?
2, 17, 113
List the prime factors of 160868.
2, 131, 307
What are the prime factors of 195?
3, 5, 13
List the prime factors of 155.
5, 31
What are the prime factors of 7842?
2, 3, 1307
What are the prime factors of 37597?
7, 41, 131
What are the prime factors of 1229?
1229
List the prime factors of 348.
2, 3, 29
List the prime factors of 10349.
79, 131
List the prime factors of 364.
2, 7, 13
What are the prime factors of 1337?
7, 191
What are the prime factors of 3019?
3019
What are the prime factors of 30111?
3, 10037
List the prime factors of 2226.
2, 3, 7, 53
List the prime factors of 54443.
54443
List the prime factors of 271.
271
What are the prime factors of 1068?
2, 3, 89
What are the prime factors of 3499?
3499
List the prime factors of 7282.
2, 11, 331
What are the prime factors of 1430?
2, 5, 11, 13
What are the prime factors of 851?
23, 37
List the prime factors of 28674.
2, 3, 59
What are the prime factors of 1493?
1493
List the prime factors of 16903.
16903
What are the prime factors of 561?
3, 11, 17
What are the prime factors of 945?
3, 5, 7
What are the prime factors of 1526?
2, 7, 109
What are the prime factors of 2496?
2, 3, 13
List the prime factors of 58.
2, 29
What are the prime factors of 670?
2, 5, 67
List the prime factors of 1638.
2, 3, 7, 13
List the prime factors of 35350.
2, 5, 7, 101
What are the prime factors of 130946?
2, 233, 281
List the prime factors of 7689.
3, 11, 233
List the prime factors of 11625.
3, 5, 31
What are the prime factors of 58527?
3, 7, 929
List the prime factors of 26575.
5, 1063
What are the prime factors of 2873?
13, 17
What are the prime factors of 4925?
5, 197
What are the prime factors of 4653?
3, 11, 47
What are the prime factors of 21163?
21163
List the prime factors of 38773.
7, 29, 191
List the prime factors of 85020.
2, 3, 5, 13, 109
List the prime factors of 1230.
2, 3, 5, 41
What are the prime factors of 2281?
2281
What are the prime factors of 7199?
23, 313
What are the prime factors of 3236?
2, 809
List the prime factors of 6414.
2, 3, 1069
List the prime factors of 1515.
3, 5, 101
List the prime factors of 19715.
5, 3943
List the prime factors of 1080.
2, 3, 5
What are the prime factors of 167517?
3, 7, 2659
What are the prime factors of 79782?
2, 3, 13297
What are the prime factors of 2787?
3, 929
What are the prime factors of 1301?
1301
List the prime factors of 8867.
8867
What are the prime factors of 87361?
199, 439
List the prime factors of 1318.
2, 659
What are the prime factors of 33890?
2, 5, 3389
What are the prime factors of 1908?
2, 3, 53
What are the prime factors of 70872?
2, 3, 2953
What are the prime factors of 41144?
2, 37, 139
What are the prime factors of 90003?
3, 19, 1579
List the prime factors of 334.
2, 167
List the prime factors of 3851.
3851
List the prime factors of 2272.
2, 71
List the prime factors of 2132.
2, 13, 41
What are the prime factors of 2376?
2, 3, 11
List the prime factors of 29379.
3, 7, 1399
What are the prime factors of 433?
433
What are the prime factors of 3285?
3, 5, 73
List the prime factors of 7366.
2, 29, 127
List the prime factors of 39210.
2, 3, 5, 1307
List the prime factors of 2733.
3, 911
List the prime factors of 4210.
2, 5, 421
What are the prime factors of 2969?
2969
List the prime factors of 5667.
3, 1889
List the prime factors of 8864.
2, 277
What are the prime factors of 6003?
3, 23, 29
What are the prime factors of 6262?
2, 31, 101
List the prime factors of 41847.
3, 13, 29, 37
List the prime factors of 635.
5, 127
What are the prime factors of 947?
947
What are the prime factors of 3636?
2, 3, 101
What are the prime factors of 4685?
5, 937
What are the prime factors of 424?
2, 53
List the prime factors of 637.
7, 13
What are the prime factors of 962?
2, 13, 37
What are the prime factors of 12074?
2, 6037
What are the prime factors of 8675?
5, 347
List the prime factors of 25857.
3, 13, 17
List the prime factors of 118516.
2, 29629
What are the prime factors of 8105?
5, 1621
What are the prime factors of 6945?
3, 5, 463
List the prime factors of 5981.
5981
What are the prime factors of 3774?
2, 3, 17, 37
List the prime factors of 1148.
2, 7, 41
List the prime factors of 9943.
61, 163
List the prime factors of 39442.
2, 13, 37, 41
List the prime factors of 22274.
2, 7, 37, 43
List the prime factors of 605.
5, 11
List the prime factors of 477.
3, 53
What are the prime factors of 1642?
2, 821
What are the prime factors of 83317?
13, 17, 29
What are the prime factors of 744?
2, 3, 31
List the prime factors of 86935.
5, 17387
List the prime factors of 2577.
3, 859
List the prime factors of 2258.
2, 1129
List the prime factors of 3655.
5, 17, 43
List the prime factors of 1597.
1597
What are the prime factors of 1036?
2, 7, 37
What are the prime factors of 70501?
70501
What are the prime factors of 46130?
2, 5, 7, 659
List the prime factors of 4765.
5, 953
List the prime factors of 10037.
10037
What are the prime factors of 3216?
2, 3, 67
What are the prime factors of 191379?
3, 63793
List the prime factors of 21752.
2, 2719
What are the prime factors of 6195?
3, 5, 7, 59
List the prime factors of 108944.
2, 11, 619
What are the prime factors of 9893?
13, 761
What are the prime factors of 10695?
3, 5, 23, 31
What are the prime factors of 3598?
2, 7, 257
What are the prime factors of 34977?
3, 89, 131
What are the prime factors of 2520?
2, 3, 5, 7
List the prime factors of 78310.
2, 5, 41, 191
What are the prime factors of 345?
3, 5, 23
List the prime factors of 38875.
5, 311
List the prime factors of 75.
3, 5
List the prime factors of 20497.
103, 199
List the prime factors of 2419.
41, 59
List the prime factors of 99560.
2, 5, 19, 131
What are the prime factors of 22921?
22921
List the prime factors of 1325.
5, 53
What are the prime factors of 8?
2
List the prime factors of 13469.
13469
What are the prime factors of 14355?
3, 5, 11, 29
List the prime factors of 147.
3, 7
List the prime factors of 1074.
2, 3, 179
What are the prime factors of 1322?
2, 661
List the prime factors of 540.
2, 3, 5
What are the prime factors of 7017?
3, 2339
What are the prime factors of 4565?
5, 11, 83
List the prime factors of 14123.
29, 487
List the prime factors of 10433.
10433
What are the prime factors of 29897?
7, 4271
What are the prime factors of 1241?
17, 73
What are the prime factors of 1325?
5, 53
What are the prime factors of 13923?
3, 7, 13, 17
List the prime factors of 91344.
2, 3, 11, 173
List the prime factors of 3763.
53, 71
List the prime factors of 9432.
2, 3, 131
What are the prime factors of 1263?
3, 421
What are the prime factors of 53820?
2, 3, 5, 13, 23
List the prime factors of 3119.
3119
List the prime factors of 11807.
11807
What are the prime factors of 4319?
7, 617
What are the prime factors of 7137?
3, 13, 61
What are the prime factors of 223?
223
List the prime factors of 59851.
11, 5441
List the prime factors of 7349.
7349
What are the prime factors of 3112?
2, 389
What are the prime factors of 166?
2, 83
What are the prime factors of 144490?
2, 5, 14449
List the prime factors of 1588.
2, 397
What are the prime factors of 320?
2, 5
List the prime factors of 68.
2, 17
List the prime factors of 1033.
1033
List the prime factors of 5767.
73, 79
List the prime factors of 3070.
2, 5, 307
What are the prim